
Let p(s) = -s**2 + 27*s - 129. Calculate p(23).
-37
Let o(v) = 669*v + 28. Calculate o(1).
697
Let a(f) = f**3 + 3*f**2 + f - 15. Give a(-3).
-18
Let l(o) = 86*o + 100. Calculate l(-2).
-72
Let s(h) = -7*h**2 - 16*h - 12. Determine s(-12).
-828
Let r(u) = -154*u + 781. Determine r(3).
319
Let i(f) = -f**2 - 48*f - 362. Determine i(-38).
18
Let h(w) = w**3 - 8*w**2 + 30*w - 45. Give h(12).
891
Let s(h) = 12*h**2 + 552*h - 6. Calculate s(-46).
-6
Let c(b) = -30*b - 25. What is c(-1)?
5
Let n(k) = 7*k**2 + k. Determine n(2).
30
Let h(p) = -p**3 - 18*p**2 + 40*p - 1. Give h(-20).
-1
Let g(v) = 84*v**2 + 623*v - 381. Give g(-8).
11
Let m(t) = -57*t + 1464. Determine m(26).
-18
Let z(i) = -307*i + 4337. Calculate z(14).
39
Let h(z) = 200*z - 796. What is h(4)?
4
Let s(z) = -1968*z + 104309. Give s(53).
5
Let y(b) = -66*b - 633. Give y(-6).
-237
Let h(r) = r**2 + 108*r + 2848. What is h(-46)?
-4
Let v(z) = z**3 + 4*z**2 + 6*z + 113. What is v(-6)?
5
Let d(s) = -2*s**3 + 158*s**2 + 37*s - 2879. Give d(79).
44
Let c(y) = -52*y + 2641. Give c(51).
-11
Let t(i) = i**3 - 97*i**2 + 376*i - 344. Calculate t(93).
28
Let o(q) = q**3 + 2*q**2 - 2*q - 75. What is o(0)?
-75
Let o(b) = -14*b + 78. What is o(-6)?
162
Let r(y) = y**2 - 62*y - 204. Determine r(65).
-9
Let z(u) = 12*u - 118. Calculate z(16).
74
Let m(o) = 27*o - 455. Calculate m(17).
4
Let m(k) = -2*k**3 + 23*k**2 + 7*k + 48. What is m(12)?
-12
Let t(y) = -118*y**2 - 124*y - 1. Determine t(-1).
5
Let d(x) = x**3 + 51*x**2 + 101*x + 134. Determine d(-49).
-13
Let f(z) = 294*z**3 + 4*z**2 + 6*z + 4. Calculate f(-1).
-292
Let b(a) = 50*a + 545. Give b(-8).
145
Let r(a) = 3*a**2 - 67*a + 463. What is r(7)?
141
Let u(o) = 415*o + 5350. What is u(-13)?
-45
Let h(b) = 9*b**2 - 74*b + 130. What is h(2)?
18
Let u(h) = h**2 - 12*h - 274. What is u(-11)?
-21
Let x(k) = k**2 - 24*k - 564. Calculate x(38).
-32
Let g(u) = 4*u - 23. Give g(-24).
-119
Let r(z) = z**2 + 114*z - 978. Give r(-122).
-2
Let p(a) = -93*a - 282. Give p(-3).
-3
Let k(v) = -4*v**2 + 223*v + 59. Determine k(56).
3
Let z(b) = 4*b**3 - 21*b**2 + 4*b + 5. Give z(5).
0
Let s(d) = 30*d**2 + 11*d + 11. What is s(-1)?
30
Let j(q) = 6*q**2 - 4*q - 195. Calculate j(6).
-3
Let j(q) = -53*q - 5232. Determine j(-97).
-91
Let c(w) = -4*w + 9. Give c(-1).
13
Let s(g) = -g**3 + 16*g**2 + 219*g - 66. Determine s(-9).
-12
Let n(l) = -382*l + 1173. Give n(3).
27
Let b(o) = -3*o**3 - 21*o**2 + 3*o + 9. What is b(-7)?
-12
Let w(s) = -2*s**2 + 30*s - 92. Give w(3).
-20
Let c(q) = q**3 + 3*q**2 - 266*q - 1267. What is c(-5)?
13
Let r(b) = 98*b - 21. Determine r(1).
77
Let v(t) = -13*t**2 - 22*t - 101. What is v(-4)?
-221
Let v(h) = h**3 - 10*h**2 + 7*h + 24. What is v(6)?
-78
Let l(w) = -6*w**2 + 37*w - 55. Give l(4).
-3
Let a(q) = q**2 + 55*q + 906. Give a(-31).
162
Let x(r) = -r**3 - 84*r**2 - 18*r - 1517. What is x(-84)?
-5
Let a(z) = -39*z + 1001. What is a(26)?
-13
Let s(z) = -483*z - 31386. What is s(-65)?
9
Let x(a) = -a**2 - 56*a + 731. What is x(-67)?
-6
Let f(a) = -3*a**3 - 46*a**2 - 16*a. Give f(-15).
15
Let m(o) = o**3 + 37*o**2 + 79*o + 34. Calculate m(-35).
-281
Let o(w) = -w**3 - 16*w**2 + 18*w - 19. Give o(-17).
-36
Let j(n) = -90*n + 694. What is j(8)?
-26
Let b(m) = 10*m**2 + 70*m - 142. What is b(2)?
38
Let v(f) = -423*f + 8033. Give v(19).
-4
Let a(z) = -185*z + 4283. Give a(25).
-342
Let l(s) = s**3 - 97*s**2 - 113*s + 1637. What is l(98)?
167
Let g(o) = 133*o - 4145. Determine g(31).
-22
Let a(l) = 74*l + 299. Determine a(-4).
3
Let r(g) = -4*g**2 + 16*g - 21. Give r(5).
-41
Let a(h) = -12*h**3 - 120*h**2 + 18*h + 175. Determine a(-10).
-5
Let t(n) = 4*n**3 + 99*n**2 - 629*n + 39. Give t(-30).
9
Let y(z) = -12*z**2 - 33*z + 196. Calculate y(5).
-269
Let u(h) = -h**2 - 46*h - 224. Determine u(-18).
280
Let v(p) = 13*p**2 - 92*p - 292. Determine v(-3).
101
Let y(t) = t**2 - 25*t + 2. What is y(17)?
-134
Let z(l) = 21*l**2 + 89*l + 17. Give z(-4).
-3
Let f(d) = 2*d**3 + 20*d**2 - 138*d - 4. Determine f(-15).
-184
Let x(v) = -4861*v + 77776. Determine x(16).
0
Let c(w) = 4*w**2 + 18*w + 19. Determine c(-6).
55
Let j(b) = 49*b + 176. Calculate j(-4).
-20
Let s(x) = x**3 - 72*x**2 + 6*x - 378. Calculate s(72).
54
Let f(v) = -v**3 - 34*v**2 + 3*v - 1119. What is f(-35)?
1
Let j(d) = -d**3 - 8*d**2 - 3*d - 62. Give j(-10).
168
Let g(n) = -n**3 + 5*n**2 - 60*n + 9. Determine g(10).
-1091
Let o(y) = -y**3 + 18*y**2 + 32*y - 226. What is o(19)?
21
Let x(p) = 63*p + 43. What is x(-1)?
-20
Let r(c) = c**2 + 235*c - 5636. What is r(22)?
18
Let w(v) = -v**2 - 42*v - 114. Calculate w(-3).
3
Let w(r) = -6*r**3 + 68*r**2 - 25*r + 86. Calculate w(11).
53
Let g(f) = -6453*f - 25818. Determine g(-4).
-6
Let l(t) = 2*t**3 + 92*t**2 - 508*t + 103. What is l(-51)?
1
Let t(d) = -2*d**2 - 33*d + 3181. What is t(-49)?
-4
Let d(c) = 3*c**2 + 112*c - 8. What is d(0)?
-8
Let m(j) = 4*j**2 - 176*j - 976. What is m(49)?
4
Let i(h) = -2*h**2 - 4*h + 31. Calculate i(6).
-65
Let d(y) = -6*y**3 - 333*y**2 - 162*y + 169. What is d(-55)?
4
Let c(t) = t**3 + 7*t**2 - 1224*t - 10847. Calculate c(-9).
7
Let y(n) = 143*n**2 + 19448*n - 6. Give y(-136).
-6
Let x(t) = 31*t**2 + 235*t - 1441. Calculate x(4).
-5
Let b(i) = -711*i - 12094. Calculate b(-17).
-7
Let q(a) = -a**3 - 2*a**2 + 25*a + 19. Give q(-6).
13
Let v(h) = h**3 + 32*h**2 - 368*h - 4. Calculate v(9).
5
Let l(c) = 42*c + 32. Give l(-5).
-178
Let w(j) = 94*j**2 - 3477*j - 40. What is w(37)?
-3
Let s(f) = 4534*f + 36272. What is s(-8)?
0
Let d(x) = 75*x + 1748. Calculate d(-23).
23
Let b(q) = -5*q**2 + 350*q + 712. Determine b(72).
-8
Let v(y) = 39*y - 528. What is v(13)?
-21
Let z(n) = -9*n**2 + 103*n + 2. Determine z(10).
132
Let w(x) = -8*x**2 - 120*x + 440. What is w(-18)?
8
Let q(r) = r**2 + 27*r - 245. Give q(-37).
125
Let m(u) = u**3 - 88*u**2 + 711*u - 8. What is m(9)?
-8
Let x(b) = b**3 - 19*b**2 - 9*b + 11. What is x(20)?
231
Let a(f) = f**2 - 290*f - 18. Determine a(0).
-18
Let f(s) = s**3 + 97*s**2 + 638*s + 737. Determine f(-90).
17
Let d(k) = 2*k - 52. Determine d(42).
32
Let z(r) = -r**3 - 31*r**2 - 62*r + 55. Calculate z(-28).
-561
Let z(m) = -95*m + 590. Give z(6).
20
Let c(i) = 212*i - 837. What is c(4)?
11
Let y(d) = -d**3 - 36*d**2 - 85*d - 585. What is y(-34)?
-7
Let b(y) = 2*y**2 + 51*y - 921. Determine b(-38).
29
Let b(h) = h**3 - 7*h**2 + 32*h - 231. Give b(7).
-7
Let s(t) = 2*t**3 - 13*t**2 + t + 6. Calculate s(6).
-24
Let l(d) = d**2 - 164*d + 2331. Calculate l(16).
-37
Let t(o) = -o**3 + 21*o**2 - 13*o - 36. Determine t(20).
104
Let t(r) = r**2 + 24*r + 72. What is t(-22)?
28
Let x(v) = v**3 + 277*v**2 - 2273*v + 1969. Calculate x(-285).
-26
Let z(i) = 7*i**2 + 140*i - 677. Determine z(-24).
-5
Let x(t) = t**3 - 17*t**2 + 40*t + 33. What is x(14)?
5
Let b(m) = 43*m**3 - 82*m + 82. Determine b(1).
43
Let x(g) = -g**2 + 137*g - 4688. Determine x(71).
-2
Let n(x) = -6*x - 50. Calculate n(-40).
190
Let a(s) = -218*s - 2123. Determine a(-10).
57
Let q(h) = -189*h - 1209. Determine q(-5).
-264
Let k(j) = -11559*j - 242739. Calculate k(-21).
0
Let o(g) = g**2 + 48*g + 319. What is o(-46)?
227
Let q(u) = -u**2 - 879*u + 4428. Give q(5).
8
Let c(m) = m**2 + 20*m - 60. Calculate c(-16).
-124
Let a(n) = 32*n**2 + 289*n - 7. Calculate a(-9).
-16
Let g(t) = t**2 - 28*t + 165. Determine g(21).
18
Let w(x) = -21*x**2 - 7*x + 31. Calculate w(-4).
-277
Let n(m) = -17*m + 100. What is n(13)?
-121
Let s(k) = k**3 - 7*k**2 - 233*k + 18. Determine s(19).
-77
Let o(f) = 213*f**2 - 2136*f + 58. Determine o(10).
-2
Let s(z) = -2*z**3 - 67*z**2 - 557*z + 79. Calculate s(-16).
31
Let k(v) = 877*v + 504. What is k(-1)?
-373
Let y(z) = -1040*z + 8326. Calculate y(8).
6
Let f(h) = 35*h - 1394. Determine f(41).
41
Let x(d) = -d**3 + 19*d**2 + 62*d - 1034. Determine x(12).
718
Let m(j) = j**2 + 2*j + 7. What is m(-5)?
22
Let l(r) = -2*r**2 + 29*r + 11. What is l(14)?
25
Let q(l) = -2*l**2 - 109*l - 1417. Give q(-34).
-23
Let n(t) = 2*t**2 - 117*t + 957. Give n(8).
149
Let a(j) = 84*j - 2351. Give a(28).
1
Let g(c) = c**3 + 15*c**2 + 10*c + 1. Determine g(-12).
313
Let k(c) = c**3 + 5*c**2 - 688*c - 4732. Calculate k(-7).
-14
Let r(f) = -3*f**2 - 20*f + 38. What is r(-9)?
-25
Let h(w) = -278*w + 829. Calculate h(3).
-5
Let 